(h) = 6*h**2 - 3*h - 10. Let c(p) = g(p) + 4*v(p). Let m be c(1). Calculate the highest common divisor of 27 and m.
1
Suppose -48*z + 45*z = -36. Let j be z - 7 - (-34 - -1). Calculate the greatest common divisor of j and 57.
19
Let v be (8/(-14))/(12/(-84)). Let q(h) = 6*h + 8. Let w be q(v). Calculate the greatest common factor of 224 and w.
32
Suppose 5*b - 11280 - 23036 = -4*g, -g = 3*b - 8579. What is the greatest common factor of g and 23?
23
Suppose 0 = 4*h - 5*j + 79 - 161, -3*j + 12 = h. Calculate the greatest common factor of 11574 and h.
18
Let z(f) = 8*f**2 - 122*f + 2718. Let c be z(27). What is the highest common divisor of 144 and c?
72
Suppose 5*z + 4*a - 24 = 4*z, a = -5. Suppose -3*g - 54 = -5*v, 5*g - 3*g = 4*v - z. Let y = -28 + 232. Calculate the greatest common factor of v and y.
12
Let q(g) = -g**3 + 4*g**2 + 4*g - 5. Let i be q(4). Suppose 1526*r - 1505*r - 231 = 0. What is the greatest common divisor of r and i?
11
Let m(d) = -24*d + 3668. Let s be m(30). Calculate the greatest common divisor of 670 and s.
134
Suppose -12 = -w + 2*g, -3*g + 4 = 3*w + w. Suppose 198 + 102 = w*y. Calculate the highest common divisor of 15 and y.
15
Let s = 2 + 0. Suppose r + 3 = -w - 0, s*w - 5*r = 15. Suppose 0*p + 4*p - 4*d - 504 = w, 610 = 5*p - d. Calculate the greatest common divisor of 11 and p.
11
Let a(i) = i**3 + 8*i**2 + 4*i - 10. Let t be a(6). Calculate the greatest common divisor of 2664 and t.
74
Let o be 2/3*(-9)/(-1). Let t be (57/38)/(4 + 0) - 711/(-24). Suppose o*q - t = q. Calculate the greatest common factor of 3 and q.
3
Let m = 34233 + -17148. What is the highest common divisor of m and 102?
51
Let p = -2 + 5. Let a be p/1 - (-94 + 1). Let n be ((-24)/60*-20)/((-3)/(-12)). Calculate the greatest common factor of a and n.
32
Let g be 223*((-81)/(-63) + 7) - (-2)/7. Calculate the greatest common divisor of 6 and g.
6
Let q(t) = -t**2 + 8*t + 6. Let m = -41 + 43. Suppose 8*f - 27 = 3*f + w, -4*f = -m*w - 24. Let a be q(f). What is the highest common divisor of a and 189?
21
Let v be (24/(-14))/(136/(-2142)). What is the greatest common factor of v and 2034?
9
Let m be (-60)/(-28) + (-3)/21. Suppose -3*g = -16 - 2. Let l = 0 + g. Calculate the highest common factor of l and m.
2
Suppose k = -2*w + 1420, 5*k - 4*w - 1657 - 5527 = 0. What is the greatest common factor of 537 and k?
179
Let u = 2742 + -2658. Calculate the greatest common divisor of 1533 and u.
21
Let o = 3207 + -3067. What is the greatest common divisor of o and 5628?
28
Suppose -s - 693 = -4*s. Suppose 39*l - 36*l - 5*b = 226, 2*l + 4*b = 158. What is the highest common factor of l and s?
77
Let f = 294 - 289. Suppose 196 = 2*w - 4*b - b, -372 = -4*w + f*b. What is the greatest common divisor of w and 66?
22
Let b(i) = -1018*i - 1157. Let n be b(-3). What is the greatest common factor of 63 and n?
7
Let g(s) = 296*s + 305*s - 596*s + 3. Let h be g(2). Calculate the greatest common divisor of 1365 and h.
13
Let d(f) = 2*f**2 - 27*f + 62. Let z be d(12). Let x = 9 - -17. What is the greatest common divisor of x and z?
26
Let s = 4276 - 4252. Calculate the greatest common factor of 1784 and s.
8
Suppose 14*m - 11*m - 534 = 0. Let j = -69 + m. Let u = 154 - j. What is the highest common divisor of 90 and u?
45
Let w(m) = 8*m - 21. Let c be w(11). Suppose -62*l = -c*l + 135. Calculate the highest common factor of l and 108.
27
Suppose 112 + 43 = q. Let n(o) = 2*o**2 + 710*o + 6238. Let x be n(-9). What is the greatest common factor of q and x?
5
Suppose -12 = 3*q - 2*x - 24, 0 = 2*x + 6. Suppose -u = q*u + 3*l - 63, -u + l = -23. What is the greatest common factor of 231 and u?
11
Let r be (-1015)/(-58)*8/5. Let o be -1 + 270 - (-6 + 6 + 3). Calculate the highest common divisor of r and o.
14
Suppose -7*p + 3*p + 136 = -2*w, -3*p = -9. Let u = w + 65. Suppose -u*z = -2*a + 176 + 75, z - 3 = 0. What is the highest common factor of 52 and a?
26
Let q be (1 - (-597 - -2))/(24/36). What is the highest common divisor of q and 24?
6
Let y(i) = 11*i + 222. Let v be y(-19). Suppose -v*k + 16*k = 75. What is the greatest common factor of 150 and k?
25
Let k(c) = c**2 - 16. Suppose -t + 3*m = -5, m - 20 = -2*t - 2*t. Let y be k(t). Calculate the greatest common divisor of y and 36.
9
Let v(j) be the third derivative of 5*j**4/24 + 49*j**3/2 - 2*j**2 + 24. Let b be v(17). Calculate the greatest common factor of b and 290.
58
Let p = 78 + 240. Let u(l) = -8*l**3 + 759*l**2 + 97*l - 184. Let s be u(95). What is the greatest common factor of s and p?
6
Let s = -95 - -122. Suppose 0 = 4*d + s - 87. Let u be (-13 + d)*(0 - -13). Calculate the highest common divisor of 104 and u.
26
Suppose -15*p = -18*p - 3. Let l be (400/56 - 8)/(p/105). Calculate the highest common divisor of l and 20.
10
Suppose 4*z = 3*r + 1345 + 932, -3*z + 1708 = -2*r. What is the greatest common divisor of 60 and z?
30
Suppose -2*i = -14 + 8, b - 3*i = 27. Calculate the highest common divisor of 117 and b.
9
Let n be (192/(-240))/((-2)/3540). Calculate the greatest common divisor of n and 48.
24
Suppose -3*u + 282 = 8*x + 155, -3*u = 5*x - 85. Calculate the greatest common factor of x and 32.
2
Let m(k) = 2*k**3 + 7*k**2 - 23*k + 24200. Let n be m(0). Calculate the highest common divisor of n and 8.
8
Suppose -12911*b = -12910*b - 78. Calculate the highest common divisor of 5941 and b.
13
Let l(p) = 9*p**3 + 3*p**2 - 4*p + 2. Let a be l(2). Let x = -58 - -58. Suppose x = -6*z + z + 130. What is the highest common factor of a and z?
26
Let a(q) = 62*q + 630. Let z be a(-10). Calculate the highest common divisor of z and 1485.
5
Suppose 470*d - 217170 = 380*d. What is the highest common divisor of d and 127?
127
Let m(x) = -x. Let n(z) = 8*z + 41. Let p be -4 - 64/24*(-6)/(-8). Let l(v) = p*m(v) - n(v). Let y be l(-23). Calculate the greatest common divisor of 1 and y.
1
Let g be (-369)/(-7) + 4/14. Suppose 0 = 20*i + g - 353. What is the greatest common factor of 6 and i?
3
Suppose 64*k - 10542 - 6688 + 4750 = 0. What is the highest common factor of k and 15?
15
Suppose -156*j - 768 = -159*j + 69. Calculate the greatest common divisor of j and 2976.
93
Let p be (-540)/81*9/(-6). Calculate the greatest common divisor of p and 370.
10
Suppose 45*b - 50*b + 25 = 0. Suppose b*q - 9*q = 24. Let t be (0 - -1)*(q - -6) - -16. What is the highest common factor of t and 80?
16
Let n(m) = -7*m - 7*m + 13*m + 23. Let h = 38 + -18. Let t be n(h). Calculate the highest common factor of 48 and t.
3
Let c be (4 - 172/42) + (-10874)/42. Let z = 270 + c. What is the highest common divisor of z and 33?
11
Let j = -43449 + 65336. What is the greatest common factor of 43 and j?
43
Suppose 0 = p - 4*p + 12, 2*v + p - 12 = 0. Suppose 0 = -v*k + 6*k - 32. Let c = -203 + 275. What is the greatest common factor of c and k?
8
Let f be 9/2*(-14040)/(-405). What is the greatest common factor of f and 572?
52
Suppose 4*l - 3*t = -123, -4*t - 93 = 3*l - 6*t. Let a = l + 150. Let p = 1971 - 1958. Calculate the highest common factor of p and a.
13
Let a = -2098 - -2314. What is the greatest common factor of a and 88?
8
Let k be -461*(-6)/((-48)/8). Let v = 691 + k. What is the greatest common divisor of v and 10?
10
Let j be (306/68)/((-1)/(-2)). Calculate the highest common divisor of 333 and j.
9
Suppose 57*z - 8 = 53*z. Suppose 0*f - z*f + 36 = 0. Suppose -y = -3*h - 51, 5*y = -5*h - 174 + 509. What is the greatest common divisor of y and f?
9
Let k be (-3483)/(-9) - (-2 - -9). Let x = -366 + k. What is the greatest common factor of 22 and x?
2
Suppose 16*y = -19 - 29. Let d be ((-20)/(5 + y))/(4/(-6)). What is the highest common factor of 105 and d?
15
Suppose 35 = 18*u + 683. Let o(f) = -f**3 - 36*f**2 + 2*f + 81. Let q be o(u). What is the highest common divisor of 18 and q?
9
Suppose 12*f + 4 = 28. Suppose f*x = -5*s + 312, -8*s - 5*x + 108 = -6*s. Calculate the highest common divisor of 112 and s.
16
Let g(d) = -41*d - 153. Let j be g(-10). Let r = 433 - j. What is the greatest common factor of r and 44?
44
Let f be -6 - (2/(-4))/(4/648). Let p(w) = w**2 + 7*w - 15. Let g be p(-9). Let c be (-10)/g*(-15)/10. Calculate the highest common factor of f and c.
5
Let n = 21 + -7. Let p be 3327/(-27) + 24/108. Let u = -95 - p. C